{"id":3398,"date":"2023-09-21T14:50:44","date_gmt":"2023-09-21T12:50:44","guid":{"rendered":"https:\/\/ise.edu.es\/?page_id=3398"},"modified":"2023-10-30T17:51:53","modified_gmt":"2023-10-30T16:51:53","slug":"seminario-servicios-urjc2023-2","status":"publish","type":"page","link":"https:\/\/ise.edu.es\/index.php\/seminario-servicios-urjc2023-2\/","title":{"rendered":"Seminario Servicios &#8211; URJC2023"},"content":{"rendered":"\t\t<div data-elementor-type=\"wp-page\" data-elementor-id=\"3398\" class=\"elementor elementor-3398\" data-elementor-post-type=\"page\">\n\t\t\t\t<div class=\"elementor-element elementor-element-5492ed67 e-flex e-con-boxed e-con e-parent\" data-id=\"5492ed67\" data-element_type=\"container\" data-e-type=\"container\" data-settings=\"{&quot;background_background&quot;:&quot;gradient&quot;}\">\n\t\t\t\t\t<div class=\"e-con-inner\">\n\t\t\t\t<div class=\"elementor-element elementor-element-54827560 elementor-widget elementor-widget-heading\" data-id=\"54827560\" data-element_type=\"widget\" data-e-type=\"widget\" data-widget_type=\"heading.default\">\n\t\t\t\t<div class=\"elementor-widget-container\">\n\t\t\t\t\t<h2 class=\"elementor-heading-title elementor-size-default\"><strong>SEMINARIO<\/strong><\/h2>\t\t\t\t<\/div>\n\t\t\t\t<\/div>\n\t\t\t\t\t<\/div>\n\t\t\t\t<\/div>\n\t\t<div class=\"elementor-element elementor-element-051a625 e-flex e-con-boxed e-con e-parent\" data-id=\"051a625\" data-element_type=\"container\" data-e-type=\"container\">\n\t\t\t\t\t<div class=\"e-con-inner\">\n\t\t\t\t<div class=\"elementor-element elementor-element-367ba44 elementor-widget elementor-widget-image\" data-id=\"367ba44\" data-element_type=\"widget\" data-e-type=\"widget\" data-widget_type=\"image.default\">\n\t\t\t\t<div class=\"elementor-widget-container\">\n\t\t\t\t\t\t\t\t\t\t\t\t\t\t\t<img decoding=\"async\" src=\"https:\/\/ise.edu.es\/wp-content\/uploads\/2023\/09\/CABECERAS-web_ok.png\" title=\"CABECERAS web_ok\" alt=\"CABECERAS web_ok\" loading=\"lazy\" \/>\t\t\t\t\t\t\t\t\t\t\t\t\t\t\t<\/div>\n\t\t\t\t<\/div>\n\t\t\t\t\t<\/div>\n\t\t\t\t<\/div>\n\t\t<div class=\"elementor-element elementor-element-7edb245 e-flex e-con-boxed e-con e-parent\" data-id=\"7edb245\" data-element_type=\"container\" data-e-type=\"container\">\n\t\t\t\t\t<div class=\"e-con-inner\">\n\t\t\t\t<div class=\"elementor-element elementor-element-dfb2b7e elementor-widget elementor-widget-text-editor\" data-id=\"dfb2b7e\" data-element_type=\"widget\" data-e-type=\"widget\" data-widget_type=\"text-editor.default\">\n\t\t\t\t<div class=\"elementor-widget-container\">\n\t\t\t\t\t\t\t\t\t<p>2 de Noviembre de 2023<br \/>17:30 horas<br \/>Sal\u00f3n de Actos<br \/>C\/ Quintana, 21\u00a0 Madrid<br \/>Universidad Rey Juan Carlos<\/p>\t\t\t\t\t\t\t\t<\/div>\n\t\t\t\t<\/div>\n\t\t\t\t\t<\/div>\n\t\t\t\t<\/div>\n\t\t<div class=\"elementor-element elementor-element-aa22339 e-flex e-con-boxed e-con e-parent\" data-id=\"aa22339\" data-element_type=\"container\" data-e-type=\"container\">\n\t\t\t\t\t<div class=\"e-con-inner\">\n\t\t<div class=\"elementor-element elementor-element-e35ad2f e-flex e-con-boxed e-con e-parent\" data-id=\"e35ad2f\" data-element_type=\"container\" data-e-type=\"container\">\n\t\t\t\t\t<div class=\"e-con-inner\">\n\t\t<div class=\"elementor-element elementor-element-108b4f8 e-con-full e-flex e-con e-parent\" data-id=\"108b4f8\" data-element_type=\"container\" data-e-type=\"container\">\n\t\t\t\t<div class=\"elementor-element elementor-element-3d6e739 elementor-widget elementor-widget-heading\" data-id=\"3d6e739\" data-element_type=\"widget\" data-e-type=\"widget\" data-widget_type=\"heading.default\">\n\t\t\t\t<div class=\"elementor-widget-container\">\n\t\t\t\t\t<h2 class=\"elementor-heading-title elementor-size-default\"><strong>Objetivos <\/strong><\/h2>\t\t\t\t<\/div>\n\t\t\t\t<\/div>\n\t\t\t\t<div class=\"elementor-element elementor-element-1bf01e6 elementor-widget elementor-widget-text-editor\" data-id=\"1bf01e6\" data-element_type=\"widget\" data-e-type=\"widget\" data-widget_type=\"text-editor.default\">\n\t\t\t\t<div class=\"elementor-widget-container\">\n\t\t\t\t\t\t\t\t\t<ul style=\"list-style-image: url('https:\/\/ise.edu.es\/wp-content\/uploads\/2023\/07\/ico-check-copia.png');\">\n \t<li><strong>Dar a conocer la Ingenier\u00eda de Servicios<\/strong> como disciplina generadora de valor en una sociedad de servicios.<\/li>\n \t<li><strong>Dar a conocer el perfil del Ingeniero\/a de Servicios<\/strong> y su papel en la empresa en el Siglo XXI, as\u00ed como la necesidad de formaci\u00f3n de este tipo de profesional.<\/li>\n \t<li><strong>Poner en comunicaci\u00f3n<\/strong> a los diferentes actores que tienen algo que decir en la profesionalizaci\u00f3n de los servicios, donde el Ingeniero de Servicios es el elemento central.<\/li>\n \t<li><strong>Crear un grupo de inter\u00e9s<\/strong> que ponga en valor esta disciplina, clave para profesionalizar el sector servicios, motor de la econom\u00eda espa\u00f1ola.<\/li>\n<\/ul>\t\t\t\t\t\t\t\t<\/div>\n\t\t\t\t<\/div>\n\t\t\t\t<\/div>\n\t\t<div class=\"elementor-element elementor-element-4e71f0d e-con-full e-flex e-con e-parent\" data-id=\"4e71f0d\" data-element_type=\"container\" data-e-type=\"container\">\n\t\t\t\t<div class=\"elementor-element elementor-element-c8c1db3 elementor-widget elementor-widget-image\" data-id=\"c8c1db3\" data-element_type=\"widget\" data-e-type=\"widget\" data-widget_type=\"image.default\">\n\t\t\t\t<div class=\"elementor-widget-container\">\n\t\t\t\t\t\t\t\t\t\t\t\t\t\t\t<img fetchpriority=\"high\" decoding=\"async\" width=\"652\" height=\"450\" src=\"https:\/\/ise.edu.es\/wp-content\/uploads\/2023\/09\/Captura-de-pantalla-2023-09-21-134831.png\" class=\"attachment-large size-large wp-image-3391\" alt=\"\" srcset=\"https:\/\/ise.edu.es\/wp-content\/uploads\/2023\/09\/Captura-de-pantalla-2023-09-21-134831.png 652w, https:\/\/ise.edu.es\/wp-content\/uploads\/2023\/09\/Captura-de-pantalla-2023-09-21-134831-300x207.png 300w\" sizes=\"(max-width: 652px) 100vw, 652px\" \/>\t\t\t\t\t\t\t\t\t\t\t\t\t\t\t<\/div>\n\t\t\t\t<\/div>\n\t\t\t\t<\/div>\n\t\t\t\t\t<\/div>\n\t\t\t\t<\/div>\n\t\t\t\t\t<\/div>\n\t\t\t\t<\/div>\n\t\t<div class=\"elementor-element elementor-element-c68abbf e-flex e-con-boxed e-con e-parent\" data-id=\"c68abbf\" data-element_type=\"container\" data-e-type=\"container\">\n\t\t\t\t\t<div class=\"e-con-inner\">\n\t\t\t\t<div class=\"elementor-element elementor-element-dcf615f elementor-widget elementor-widget-heading\" data-id=\"dcf615f\" data-element_type=\"widget\" data-e-type=\"widget\" data-widget_type=\"heading.default\">\n\t\t\t\t<div class=\"elementor-widget-container\">\n\t\t\t\t\t<h2 class=\"elementor-heading-title elementor-size-default\"><b>Agenda<\/b><\/h2>\t\t\t\t<\/div>\n\t\t\t\t<\/div>\n\t\t\t\t<div class=\"elementor-element elementor-element-68dc2a1 elementor-widget elementor-widget-heading\" data-id=\"68dc2a1\" data-element_type=\"widget\" data-e-type=\"widget\" data-widget_type=\"heading.default\">\n\t\t\t\t<div class=\"elementor-widget-container\">\n\t\t\t\t\t<h2 class=\"elementor-heading-title elementor-size-default\">PARTE 1: Dirigido a investigadores y docentes de distintas universidades en el \u00e1rea de Servicios<\/h2>\t\t\t\t<\/div>\n\t\t\t\t<\/div>\n\t\t\t\t<div class=\"elementor-element elementor-element-d8e44ec elementor-widget elementor-widget-text-editor\" data-id=\"d8e44ec\" data-element_type=\"widget\" data-e-type=\"widget\" data-widget_type=\"text-editor.default\">\n\t\t\t\t<div class=\"elementor-widget-container\">\n\t\t\t\t\t\t\t\t\t<p><strong>16:15 Seminario de investigaci\u00f3n y docencia en Servicios<\/strong><br>\n<strong>Presentaci\u00f3n de Objetivos-<\/strong> Esperanza Marcos\n<\/p>\n<p><strong>16:20 Presentaci\u00f3n de \u00e1reas de trabajo en Servicios<\/strong><br>\nURJC-Grupo de Ingenier\u00eda de Servicios- M\u00aa Valeria de Castro<br>\nURJC-Grupo de Operaciones de Servicios- M\u00aa Luz Martin Pe\u00f1a<br>\nUniversidad de M\u00e1laga- M\u00aa Jos\u00e9 Quero<br>\nUniversidad de Mondrag\u00f3n- Ion Iriarte<br>\nUniversidad de Oviedo- Pedro E. Minaya<br>\nOrkestra, Instituto Vasco de Competitividad (U. Deusto)- Bart Kamp<br>\nUniversidad de Deusto- Lorea Narvaiza y Jose Antonio Campos<\/p>\n<p><strong>16: 45 Debate y conclusiones<\/strong><\/p>\t\t\t\t\t\t\t\t<\/div>\n\t\t\t\t<\/div>\n\t\t\t\t<div class=\"elementor-element elementor-element-97d544c elementor-widget elementor-widget-heading\" data-id=\"97d544c\" data-element_type=\"widget\" data-e-type=\"widget\" data-widget_type=\"heading.default\">\n\t\t\t\t<div class=\"elementor-widget-container\">\n\t\t\t\t\t<h2 class=\"elementor-heading-title elementor-size-default\">PARTE 2: Dirigido a Alumni del Grado en Ciencia, Gesti\u00f3n e Ingenier\u00eda de Servicios<\/h2>\t\t\t\t<\/div>\n\t\t\t\t<\/div>\n\t\t\t\t\t<\/div>\n\t\t\t\t<\/div>\n\t\t<div class=\"elementor-element elementor-element-594d4b0 e-flex e-con-boxed e-con e-parent\" data-id=\"594d4b0\" data-element_type=\"container\" data-e-type=\"container\">\n\t\t\t\t\t<div class=\"e-con-inner\">\n\t\t\t\t<div class=\"elementor-element elementor-element-3a68bbc elementor-widget elementor-widget-text-editor\" data-id=\"3a68bbc\" data-element_type=\"widget\" data-e-type=\"widget\" data-widget_type=\"text-editor.default\">\n\t\t\t\t<div class=\"elementor-widget-container\">\n\t\t\t\t\t\t\t\t\t<p><strong>17:30 Apertura del acto<\/strong><br \/><strong>Miguel Cuerdo Mi<\/strong>r- Decano de la FCEE<\/p><p><strong>17:45 Bienvenida CGIS<\/strong><br \/><strong>D\u00f1a. Mar\u00eda Valeria de Castro-<\/strong> Coordinadora del Grado en Ciencia, Gesti\u00f3n e Ingenier\u00eda de Servicios (Presencial)<br \/><strong>D\u00f1a. Maricela Salgado-<\/strong> Coordinadora del Grado en Ciencia, Gesti\u00f3n e Ingenier\u00eda de Servicios (Semi-Presencial)<\/p><p><strong>18:00\u00a0Mesa-coloquio Alumni<\/strong><br \/><strong><br \/>Dirigen: <br \/>D\u00f1a. M\u00aa Luz Mart\u00edn Pe\u00f1a-<\/strong> Profesora Titular de Universidad de la FCEE<br \/><strong>D\u00f1a. Natalia San Juan Sanz-<\/strong> Corporate &amp; Hotel Services HR Partner. Meli\u00e1 HI<br \/><strong><br \/>Participan:<\/strong><br \/><strong>Karla Vera Vinueza &#8211; <\/strong>Coordinadora Servicio de Sistemas Inform\u00e1ticos CEJ, O.A. &#8211; Ministerio de Justicia<strong><br \/>Alba Fern\u00e1ndez Valle &#8211; <\/strong>Senior Consultant Innovation Ayming<strong><br \/>Alberto D\u00e1vila Gamino &#8211; <\/strong>Project Development Manager Prime Energy<strong><br \/>Nicol\u00e1s Skarmoutsos Cerezo &#8211; <\/strong>Customer Journey Expert ING Espa\u00f1a&amp;Portugal<strong><br \/>Juan Caba\u00f1as Illescas &#8211;<\/strong> Project Management &amp; Service Design (Customer Satisfaction Measurement Systems Intership) K\u00f6rber Supply Chain<strong><br \/>Luis Alberto Gonz\u00e1lez Casado &#8211; <\/strong>IT Business Manager ALTEN SPAIN<strong><br \/><br \/>19:15 Cierre\u00a0<br \/>Almudena L\u00f3pez L\u00f3pez &#8211;<\/strong> Vicerrectora de Estudiantes<strong><br \/><\/strong><\/p><p><strong>19:30\u00a0Cocktail y networking<\/strong><\/p>\t\t\t\t\t\t\t\t<\/div>\n\t\t\t\t<\/div>\n\t\t\t\t\t<\/div>\n\t\t\t\t<\/div>\n\t\t<div class=\"elementor-element elementor-element-df32249 e-flex e-con-boxed e-con e-parent\" data-id=\"df32249\" data-element_type=\"container\" data-e-type=\"container\" data-settings=\"{&quot;background_background&quot;:&quot;classic&quot;}\">\n\t\t\t\t\t<div class=\"e-con-inner\">\n\t\t\t\t<div class=\"elementor-element elementor-element-d8362bc elementor-widget elementor-widget-heading\" data-id=\"d8362bc\" data-element_type=\"widget\" data-e-type=\"widget\" data-widget_type=\"heading.default\">\n\t\t\t\t<div class=\"elementor-widget-container\">\n\t\t\t\t\t<h2 class=\"elementor-heading-title elementor-size-default\"><strong>comit\u00e9<\/strong> organizador<\/h2>\t\t\t\t<\/div>\n\t\t\t\t<\/div>\n\t\t\t\t<div class=\"elementor-element elementor-element-dfb0c81 elementor-widget elementor-widget-text-editor\" data-id=\"dfb0c81\" data-element_type=\"widget\" data-e-type=\"widget\" data-widget_type=\"text-editor.default\">\n\t\t\t\t<div class=\"elementor-widget-container\">\n\t\t\t\t\t\t\t\t\t<h2><strong style=\"color: var(--ast-global-color-2); font-size: 2rem; font-style: inherit;\">Presidentas<\/strong><\/h2>\n<ul>\n \t<li><strong>Esperanza Marcos Mart\u00ednez<\/strong> Catedr\u00e1tica de Universidad.<\/li>\n \t<li><strong>Mar\u00eda Valeria de Castro<\/strong> Titular de Universidad.<\/li>\n<\/ul>\n<h2><strong>Miembros<\/strong><\/h2>\n<ul>\n \t<li><strong>D\u00edaz Garrido, Eloisa.<\/strong> Profesora Titular.<\/li>\n \t<li><strong>L\u00f3pez Sanz, Marcos.<\/strong> Profesor Titular.<\/li>\n \t<li><strong>Magro, Cristina<\/strong> Profesora Contratada Doctor Interina.<\/li>\n \t<li><strong>Mart\u00edn Pe\u00f1a, Mar\u00eda Luz.<\/strong> Profesora Titular.<\/li>\n \t<li><strong>Salgado, Maricela.<\/strong> Profesora Visitante.<\/li>\n \t<li><strong>Feversani, Daniela.<\/strong> Estudiante de Doctorado de la URJC.<\/li>\n \t<li><strong>Hens Delgado, Alejando.<\/strong> Estudiante de 1\u00ba Ingenier\u00eda de Servicios URJC.<\/li>\n \t<li><strong>L\u00f3pez Baena, Alba.<\/strong> Estudiante de 3\u00ba de Ingenier\u00eda de Servicios URJC.<\/li>\n \t<li><strong>P\u00e9rez Guisado, Alberto<\/strong>. Estudiante de 1\u00ba de Ingenier\u00eda de Servicios URJC.<\/li>\n \t<li><strong>Del Vas Berenguer, Gonzalo<\/strong>. Estudiante de 2\u00ba de Ingenier\u00eda de Servicios Semipresencial URJC.<\/li>\n \t<li><strong>Dionisio Burillo, Jaime.<\/strong> Contratado con cargo al proyecto SERDIGITAL con c\u00f3digo (PID2020-117244RB-I00).<\/li>\n<\/ul>\t\t\t\t\t\t\t\t<\/div>\n\t\t\t\t<\/div>\n\t\t\t\t\t<\/div>\n\t\t\t\t<\/div>\n\t\t<div class=\"elementor-element elementor-element-3d05a5a e-flex e-con-boxed e-con e-parent\" data-id=\"3d05a5a\" data-element_type=\"container\" data-e-type=\"container\">\n\t\t\t\t\t<div class=\"e-con-inner\">\n\t\t\t\t<div class=\"elementor-element elementor-element-4afb981 elementor-align-center elementor-widget elementor-widget-button\" data-id=\"4afb981\" data-element_type=\"widget\" data-e-type=\"widget\" data-widget_type=\"button.default\">\n\t\t\t\t<div class=\"elementor-widget-container\">\n\t\t\t\t\t\t\t\t\t<div class=\"elementor-button-wrapper\">\n\t\t\t\t\t<a class=\"elementor-button elementor-button-link elementor-size-lg elementor-animation-grow\" href=\"https:\/\/forms.gle\/iDmYZvXXAwuZve4W7\">\n\t\t\t\t\t\t<span class=\"elementor-button-content-wrapper\">\n\t\t\t\t\t\t\t\t\t<span class=\"elementor-button-text\">Inscr\u00edbete!<\/span>\n\t\t\t\t\t<\/span>\n\t\t\t\t\t<\/a>\n\t\t\t\t<\/div>\n\t\t\t\t\t\t\t\t<\/div>\n\t\t\t\t<\/div>\n\t\t\t\t\t<\/div>\n\t\t\t\t<\/div>\n\t\t<div class=\"elementor-element elementor-element-748dbcd e-flex e-con-boxed e-con e-parent\" data-id=\"748dbcd\" data-element_type=\"container\" data-e-type=\"container\">\n\t\t\t\t\t<div class=\"e-con-inner\">\n\t\t\t\t<div class=\"elementor-element elementor-element-7220fe3 elementor-widget elementor-widget-image\" data-id=\"7220fe3\" data-element_type=\"widget\" data-e-type=\"widget\" data-widget_type=\"image.default\">\n\t\t\t\t<div class=\"elementor-widget-container\">\n\t\t\t\t\t\t\t\t\t\t\t\t\t\t\t<img decoding=\"async\" width=\"300\" height=\"67\" src=\"https:\/\/ise.edu.es\/wp-content\/uploads\/2023\/10\/logo-fcee-300x67.png\" class=\"attachment-medium size-medium wp-image-3637\" alt=\"\" srcset=\"https:\/\/ise.edu.es\/wp-content\/uploads\/2023\/10\/logo-fcee-300x67.png 300w, https:\/\/ise.edu.es\/wp-content\/uploads\/2023\/10\/logo-fcee-1024x229.png 1024w, https:\/\/ise.edu.es\/wp-content\/uploads\/2023\/10\/logo-fcee-768x172.png 768w, https:\/\/ise.edu.es\/wp-content\/uploads\/2023\/10\/logo-fcee-1536x344.png 1536w, https:\/\/ise.edu.es\/wp-content\/uploads\/2023\/10\/logo-fcee-2048x459.png 2048w\" sizes=\"(max-width: 300px) 100vw, 300px\" \/>\t\t\t\t\t\t\t\t\t\t\t\t\t\t\t<\/div>\n\t\t\t\t<\/div>\n\t\t\t\t\t<\/div>\n\t\t\t\t<\/div>\n\t\t<div class=\"elementor-element elementor-element-a0afe20 e-flex e-con-boxed e-con e-parent\" data-id=\"a0afe20\" data-element_type=\"container\" data-e-type=\"container\">\n\t\t\t\t\t<div class=\"e-con-inner\">\n\t\t<div class=\"elementor-element elementor-element-872ef9d e-con-full e-flex e-con e-parent\" data-id=\"872ef9d\" data-element_type=\"container\" data-e-type=\"container\">\n\t\t\t\t<div class=\"elementor-element elementor-element-63a01be elementor-widget elementor-widget-text-editor\" data-id=\"63a01be\" data-element_type=\"widget\" data-e-type=\"widget\" data-widget_type=\"text-editor.default\">\n\t\t\t\t<div class=\"elementor-widget-container\">\n\t\t\t\t\t\t\t\t\tSERDigital PID2020-117244RB-I00\nfinanciado por MCIN\/ AEI\n\/10.13039\/501100011033\t\t\t\t\t\t\t\t<\/div>\n\t\t\t\t<\/div>\n\t\t\t\t<\/div>\n\t\t<div class=\"elementor-element elementor-element-550326e e-con-full e-flex e-con e-parent\" data-id=\"550326e\" data-element_type=\"container\" data-e-type=\"container\">\n\t\t\t\t<div class=\"elementor-element elementor-element-d38a7d7 elementor-widget elementor-widget-text-editor\" data-id=\"d38a7d7\" data-element_type=\"widget\" data-e-type=\"widget\" data-widget_type=\"text-editor.default\">\n\t\t\t\t<div class=\"elementor-widget-container\">\n\t\t\t\t\t\t\t\t\t<p>Ayudas para la organizacion de congresos, jornadas y seminarios 2023<\/p>\t\t\t\t\t\t\t\t<\/div>\n\t\t\t\t<\/div>\n\t\t\t\t<\/div>\n\t\t<div class=\"elementor-element elementor-element-c79d302 e-con-full e-flex e-con e-parent\" data-id=\"c79d302\" data-element_type=\"container\" data-e-type=\"container\">\n\t\t\t\t<div class=\"elementor-element elementor-element-726461a elementor-widget elementor-widget-text-editor\" data-id=\"726461a\" data-element_type=\"widget\" data-e-type=\"widget\" data-widget_type=\"text-editor.default\">\n\t\t\t\t<div class=\"elementor-widget-container\">\n\t\t\t\t\t\t\t\t\t<p>Grupo de Innovaci\u00f3n Docente OMTECH, URJC<\/p>\t\t\t\t\t\t\t\t<\/div>\n\t\t\t\t<\/div>\n\t\t\t\t<\/div>\n\t\t<div class=\"elementor-element elementor-element-3a4dbd5 e-con-full e-flex e-con e-parent\" data-id=\"3a4dbd5\" data-element_type=\"container\" data-e-type=\"container\">\n\t\t\t\t<div class=\"elementor-element elementor-element-12f0a56 elementor-widget elementor-widget-image\" data-id=\"12f0a56\" data-element_type=\"widget\" data-e-type=\"widget\" data-widget_type=\"image.default\">\n\t\t\t\t<div class=\"elementor-widget-container\">\n\t\t\t\t\t\t\t\t\t\t\t\t\t\t\t<img decoding=\"async\" src=\"https:\/\/ise.edu.es\/wp-content\/uploads\/elementor\/thumbs\/Logo-micin-aei-scaled-qcqf1tq7rutuilpu06055dodyp8ytb2ke3aglbb3eq.jpg\" title=\"Logo-micin-aei\" alt=\"Logo-micin-aei\" loading=\"lazy\" \/>\t\t\t\t\t\t\t\t\t\t\t\t\t\t\t<\/div>\n\t\t\t\t<\/div>\n\t\t\t\t<\/div>\n\t\t<div class=\"elementor-element elementor-element-19ac87c e-con-full e-flex e-con e-parent\" data-id=\"19ac87c\" data-element_type=\"container\" data-e-type=\"container\">\n\t\t\t\t<div class=\"elementor-element elementor-element-3f97dfa elementor-widget elementor-widget-image\" data-id=\"3f97dfa\" data-element_type=\"widget\" data-e-type=\"widget\" data-widget_type=\"image.default\">\n\t\t\t\t<div class=\"elementor-widget-container\">\n\t\t\t\t\t\t\t\t\t\t\t\t\t\t\t<img decoding=\"async\" width=\"300\" height=\"114\" src=\"https:\/\/ise.edu.es\/wp-content\/uploads\/2023\/09\/URJ-NEGRO-Y-ROJO-TEXTO-LARGO-300x114.png\" class=\"attachment-medium size-medium wp-image-3375\" alt=\"\" srcset=\"https:\/\/ise.edu.es\/wp-content\/uploads\/2023\/09\/URJ-NEGRO-Y-ROJO-TEXTO-LARGO-300x114.png 300w, https:\/\/ise.edu.es\/wp-content\/uploads\/2023\/09\/URJ-NEGRO-Y-ROJO-TEXTO-LARGO.png 328w\" sizes=\"(max-width: 300px) 100vw, 300px\" \/>\t\t\t\t\t\t\t\t\t\t\t\t\t\t\t<\/div>\n\t\t\t\t<\/div>\n\t\t\t\t<\/div>\n\t\t\t\t\t<\/div>\n\t\t\t\t<\/div>\n\t\t<div class=\"elementor-element elementor-element-56939ce e-flex e-con-boxed e-con e-parent\" data-id=\"56939ce\" data-element_type=\"container\" data-e-type=\"container\">\n\t\t\t\t\t<div class=\"e-con-inner\">\n\t\t\t\t\t<\/div>\n\t\t\t\t<\/div>\n\t\t\t\t<\/div>\n\t\t","protected":false},"excerpt":{"rendered":"<p>SEMINARIO 2 de Noviembre de 202317:30 horasSal\u00f3n de ActosC\/ Quintana, 21\u00a0 MadridUniversidad Rey Juan Carlos Objetivos Dar a conocer la Ingenier\u00eda de Servicios como disciplina generadora de valor en una sociedad de servicios. Dar a conocer el perfil del Ingeniero\/a de Servicios y su papel en la empresa en el Siglo XXI, as\u00ed como la [&hellip;]<\/p>\n","protected":false},"author":1,"featured_media":0,"parent":0,"menu_order":0,"comment_status":"closed","ping_status":"closed","template":"","meta":{"_eb_attr":"","site-sidebar-layout":"no-sidebar","site-content-layout":"page-builder","ast-site-content-layout":"full-width-container","site-content-style":"unboxed","site-sidebar-style":"unboxed","ast-global-header-display":"","ast-banner-title-visibility":"","ast-main-header-display":"","ast-hfb-above-header-display":"","ast-hfb-below-header-display":"","ast-hfb-mobile-header-display":"","site-post-title":"disabled","ast-breadcrumbs-content":"","ast-featured-img":"disabled","footer-sml-layout":"","ast-disable-related-posts":"","theme-transparent-header-meta":"","adv-header-id-meta":"","stick-header-meta":"","header-above-stick-meta":"","header-main-stick-meta":"","header-below-stick-meta":"","astra-migrate-meta-layouts":"set","ast-page-background-enabled":"default","ast-page-background-meta":{"desktop":{"background-color":"var(--ast-global-color-4)","background-image":"","background-repeat":"repeat","background-position":"center center","background-size":"auto","background-attachment":"scroll","background-type":"","background-media":"","overlay-type":"","overlay-color":"","overlay-opacity":"","overlay-gradient":""},"tablet":{"background-color":"","background-image":"","background-repeat":"repeat","background-position":"center center","background-size":"auto","background-attachment":"scroll","background-type":"","background-media":"","overlay-type":"","overlay-color":"","overlay-opacity":"","overlay-gradient":""},"mobile":{"background-color":"","background-image":"","background-repeat":"repeat","background-position":"center center","background-size":"auto","background-attachment":"scroll","background-type":"","background-media":"","overlay-type":"","overlay-color":"","overlay-opacity":"","overlay-gradient":""}},"ast-content-background-meta":{"desktop":{"background-color":"var(--ast-global-color-5)","background-image":"","background-repeat":"repeat","background-position":"center center","background-size":"auto","background-attachment":"scroll","background-type":"","background-media":"","overlay-type":"","overlay-color":"","overlay-opacity":"","overlay-gradient":""},"tablet":{"background-color":"var(--ast-global-color-5)","background-image":"","background-repeat":"repeat","background-position":"center center","background-size":"auto","background-attachment":"scroll","background-type":"","background-media":"","overlay-type":"","overlay-color":"","overlay-opacity":"","overlay-gradient":""},"mobile":{"background-color":"var(--ast-global-color-5)","background-image":"","background-repeat":"repeat","background-position":"center center","background-size":"auto","background-attachment":"scroll","background-type":"","background-media":"","overlay-type":"","overlay-color":"","overlay-opacity":"","overlay-gradient":""}},"footnotes":""},"class_list":["post-3398","page","type-page","status-publish","hentry"],"_links":{"self":[{"href":"https:\/\/ise.edu.es\/index.php\/wp-json\/wp\/v2\/pages\/3398","targetHints":{"allow":["GET"]}}],"collection":[{"href":"https:\/\/ise.edu.es\/index.php\/wp-json\/wp\/v2\/pages"}],"about":[{"href":"https:\/\/ise.edu.es\/index.php\/wp-json\/wp\/v2\/types\/page"}],"author":[{"embeddable":true,"href":"https:\/\/ise.edu.es\/index.php\/wp-json\/wp\/v2\/users\/1"}],"replies":[{"embeddable":true,"href":"https:\/\/ise.edu.es\/index.php\/wp-json\/wp\/v2\/comments?post=3398"}],"version-history":[{"count":214,"href":"https:\/\/ise.edu.es\/index.php\/wp-json\/wp\/v2\/pages\/3398\/revisions"}],"predecessor-version":[{"id":3640,"href":"https:\/\/ise.edu.es\/index.php\/wp-json\/wp\/v2\/pages\/3398\/revisions\/3640"}],"wp:attachment":[{"href":"https:\/\/ise.edu.es\/index.php\/wp-json\/wp\/v2\/media?parent=3398"}],"curies":[{"name":"wp","href":"https:\/\/api.w.org\/{rel}","templated":true}]}}